?
-19
Calculate 3 + (-7 + -1 - -23).
18
Calculate 12 - (6 - (-9 + 9)) - (-1 + 1).
6
What is the value of 6 - (-8 - ((-6 - -2) + -4)) - 16?
-10
Calculate (16 - 18) + 13 + -9 + 2.
4
What is 877 - 853 - (3 - (-1 + 1))?
21
(-3 - -4) + 3 + 34 + -19
19
Evaluate (5 - (-7 + 2)) + -5.
5
What is 0 + 1 - ((0 - -10) + 87 + -106)?
10
What is 8 - (29 - (8 - 0 - -3))?
-10
Calculate -19 - (-13 + -11) - (17 + -1).
-11
What is 15 - (-32 + 26 + 10)?
11
(-7 + 14 - 11) + 0 + -14 - -6
-12
Calculate (-8 - (1 + 4 - (-65 + 68))) + -7.
-17
Calculate -4 + 2 + -4 + (14 - 22).
-14
Calculate 2 - (3 + -2) - (29 + -30) - -1.
3
What is (-2 - 14) + (-16 - (-19 + -26))?
13
16 - (12 - (-7 - -15))
12
What is (26 - 27) + (-5 - 5) + 11?
0
What is the value of -1 - 2 - 2 - (-712 + 723)?
-16
What is the value of -1 + (4 + -8 - 2 - (-5 - 1))?
-1
What is the value of 1 + -6 + ((-2 - 0) + 3 - -3)?
-1
What is -2 - (-20 + 8) - 4 - -4?
10
Evaluate (6 - -19 - 27) + -13.
-15
What is the value of -16 + -10 - 14 - -41?
1
What is -8 - (-3 + 2) - (9 - 1 - 8)?
-7
What is -4 + (-3 - -6) + 4 - (5 - -2)?
-4
What is 1 + -8 - (-12 + -4 + (4 - -12))?
-7
Calculate (7 - (-15 - -30 - 0)) + -2.
-10
(-11 - (-15 - 4)) + -10 + 0
-2
Evaluate 2 + (0 - -2) - (-47 - -47).
4
What is the value of -517 - -556 - (1 - -20)?
18
What is (-4 - (-15 + 7)) + (-1 - 0) + -32?
-29
What is the value of (5 - 18 - (-26 + -8)) + 6?
27
10 - (-2 + -2 + -3 + 21)
-4
0 + -3 + 0 + -10 - -20
7
Evaluate -1 + -9 + (5 - -1 - 6).
-10
Evaluate -1 - ((22 - 27) + 0 + 5 + -16).
15
Calculate (-5 - -1) + (-4 - (6 - 11)).
-3
What is -34 + 23 + 35 - 2?
22
Evaluate -32 - (-31 + 12 - (4 - 10)).
-19
What is the value of (11 - 4 - (0 + 0)) + -43 + 37?
1
(-1 - -2) + -8 + 10 - 5
-2
Evaluate 19 - (17 - (34 - 25)).
11
What is the value of 2 + (-8 - (-11 + -7)) - (18 - 5)?
-1
Evaluate 25 - 0 - (-7 - 0 - (457 - 471)).
18
Evaluate -1 - (-4 + (2 - -1) + (-11 - -10)).
1
What is -18 - (10 + -17 - 15)?
4
What is 28 + -45 + 20 - 20?
-17
Calculate 12 + (-8 + (4 - -1) - (-7 + 3)).
13
Evaluate (49 - 20 - 23) + -11.
-5
What is -14 + (-4 - -12) - 7 - 6?
-19
Evaluate 10 - ((-8 - -12) + 6) - (-3 - 7).
10
Calculate 17 + -22 + 7 + (1 - 16).
-13
What is the value of 16 + (1 - (2 + 15))?
0
Evaluate 2 - (2 + 2 - 2 - -4).
-4
-4 + -20 + 19 - -13
8
((-4 - -1) + 3 - 1) + (0 - -10)
9
Calculate -5 - (46 + 0 - 25).
-26
Calculate 27 - -3 - (-4 - -34 - 19).
19
Evaluate 20 + -57 + -9 + 20.
-26
19 + (-9 + -11 - -22)
21
What is the value of -1 - (3 + -6) - (3 - (-10 - -11))?
0
Calculate -2 - (20 - 1) - (-11 + (7 - 2)).
-15
What is 11 + 16 + 14 + (2 - 11)?
32
(19 - (14 - 0 - (9 - 4))) + 0
10
21 + 0 - (119 + -116)
18
What is -29 + 20 + -6 + 10?
-5
Calculate 16 + (-10 - -2 - (18 - 27) - -1).
18
What is 8 + (-17 + -14 + 2 - -12)?
-9
What is -3 + 13 - (-3 - ((3 - 10) + 0))?
6
What is 31 - (55 + (-15 - 28))?
19
Evaluate 9 - (40 + -15) - -9 - (0 + 1).
-8
What is the value of -29 + 19 + -33 + 1 + 20?
-22
Calculate 2 - 4 - (26 - 24).
-4
Evaluate (81 - 103) + (6 - 0).
-16
What is the value of (6 - -1) + -2 + (-6 - 5)?
-6
What is the value of -1260 - -1270 - (-2 - -1 - -24)?
-13
Calculate -25 + 54 + -41 - (-1 + 8).
-19
What is the value of -4 + -13 + -18 + 8 + -2?
-29
(9 - -1 - (15 + -12)) + -4 - 16
-13
Evaluate (-32 - -11) + -23 + 25.
-19
What is the value of 3 + -1 - (18 + -7) - (2 - -2)?
-13
Evaluate 0 - (-12 - -10) - (10 + -18).
10
(1 + 2 - (19 + (-17 - -2))) + -2
-3
Evaluate 6 - (3 + -3 + (-1 - -8 - 4)).
3
14 - 40 - (1 + -4 + -6)
-17
Calculate -3 - (-1 + 20 + -12 + 14 + -12).
-12
What is 42 - (73 + 0) - (-12 + 0)?
-19
-12 + (11 + -12 - -28)
15
Evaluate -25 + (-10 + 14 - -5 - 1) + -7.
-24
What is the value of 4 - (6 + (-1 - -1 - -4)) - -13?
7
What is the value of -20 + 0 + 29 + 0 + 5?
14
Evaluate -23 + (-15 - -33) + 22.
17
Calculate -1 - (-7 + (0 - (-7 + 2)) + -4).
5
-24 - -18 - (13 + -4)
-15
What is -61 - (15 + -58) - -51?
33
Calculate (-12 + 6 - 1) + 2 - 3 - -24.
16
What is 4 - (43 + (11 - (-5 + 23)))?
-32
Calculate 1 + -5 + -1 + (2 - 11 - -26).
12
What is -11 + 58 + -34 - 15?
-2
What is -3 + 29 + (1 - 17)?
10
What is the value of 3 - 11 - (-15 + (7 - -6))?
-6
What is the value of (-28 - -44) + -24 + (0 - -2) + -1?
-7
Evaluate 7 + 5 + 0 + -2.
10
-8 + (-4 - -10) - 0
-2
What is (12 - 6) + (-3 - -7) - 2 - -12?
20
What is (5 - 4) + 4 + (8 - (18 - 7))?
2
Calculate (-9 - -1) + 38 + -15.
15
What is the value of 2 + -2 - 0 - -14 - 11?
3
12 - (21 + (20 - 12 - -4))
-21
What is 10 + 3 + -6 - (9 - (8 + -4))?
2
(-10 + 22 - 28) + 15
-1
What is the value of 1 + (0 - -4) + 73 + -4 + -68?
6
What is the value of -6 - (-4 + 14 - 6) - 1?
-11
What is -87 - -74 - (0 + 1 + -6)?
-8
Evaluate (16 - 8) + 10 + -24 + 23.
17
What is the value of -30 + 9 - ((1 - 2) + -2 + -2)?
-16
Calculate (-10 - -3) + (-11 - (4 - 9 - 3)).
-10
What is the value of 65 - 51 - (23 - 2)?
-7
What is -3 + (0 - 0) - (6 + 1 + -13)?
3
What is (-11 - -1) + -30 + 29?
-11
What is 22 + 1 - (-38 - (63 + -98))?
26
What is (-9 - 2) + (-60 - -75)?
4
What is the value of (166 - 133) + (3 - 26)?
10
What is (13 + 6 - 4) + -5?
10
Evaluate (7 - -27) + 5 + (-28 - -14).
25
Evaluate 19 - (-15 - -20) - -11.
25
What is the value of -3 + (-12 - (3 - 28))?
10
Evaluate 6 - (4 + (-4 + -4 - -5)) - 0.
5
Calculate 6 - (-6 - -2 - (-7 + 4 - 5)).
2
Evaluate -24 + (-11 - (-23 + 7) - -5).
-14
What is 2 + (-24 + (19 - 11) - (1 - 12))?
-3
Calculate 11 - (-24 + 18 - (-21 - (-5 - -1))).
0
Evaluate 23 + (18 - 35) - 3 - (11 - -1).
-9
Calculate (-8 - (6 + -26)) + 1 + 1.
14
Evaluate -1 + 7 + -4 - -17 - 5.
14
9 + (11 - 1) + -12 - 8
-1
Evaluate -2 + -13 - -31 - (-1 + 0).
17
4 + 1 + 0 + (-124 - -107)
-12
What is the value of (-2 - (-5 + -2 + 2)) + 2?
5
What is 2 + -1 + -7 + -8 + 6?
-8
Evaluate (1428 - 1449) + -5 + 2 + 1.
-23
Evaluate 13 - (0 + (17 - 5)).
1
Calculate (-40 - (-40 - -3)) + (15 - 1).
11
Evaluate (2 - -2) + -7 + (-10 - -8).
-5
-3 + -32 + -400 + 412
-23
Evaluate 8 - (-23 - -41 - -1).
-11
What is (-145 - -150) + (-2 - 9) - 1?
-7
Evaluate -4 + -2 + 12 - (-71 + 54).
23
Calculate 38 + -10 + -5 + 3 + (1 - 9).
18
Evaluate (-20 - -17) + (-11 - -17).
3
-1 - -9 - (-98 + 104) - (-28 + 2)
28
What is the value of -21 + -5 + (50 - 17)?
7
1 - 36 - (-808 + 793)
-20
Calculate -90 + 108 - (28 - 0) - 5.
-15
Calculate (-1 - (-4 - 4) - (-23 + 15)) + 5.
20
What is the value of 7 + -10 + 14 + -5?
6
What is the value of (17 - (7 + -4 - 1)) + -5 - 1?
9
What is -9 - (0 - (10 - 11))?
-10
-3 + (4 - -2) - (21 + (23 - 52))
11
What is (14 - 37 - -17) + (-1 - -15)?
8
What is 8 + (-22 + 23 - 16)?
-7
Calculate 31 + -20 + (20 - (15 + -8)).
24
Evaluate -31 + -7 + -1 + 21 + -13.
-31
What is 10 + (0 - (9 - (3 - -3)))?
7
15 + 0 - (-1 + 21)
-5
What is the value of (-6 - (-18 - -7)) + -2?
3
(16 - -2) + -2 + -27
-11
-100 + (27 - -73) - (2 + 1 + 7)
-10
What is the value of (-7 - (22 + -12)) + (-5 - (0 - 3))?
-19
What is the value of (17 - 34) + 17 + (21 - -3)?
24
What is -36 - (-4 - (32 + 14))?
14
Calculate (-431 - -447) + (-6 - (-3 + 3) - 2).
8
Calculate -4 + (8 - (9 - -8)) - -21.
8
Calculate -14 - (-4 + 16 - (-2 + 2)).
-26
(-9 - (-4 - -2 - -3)) + -173 + 167
-16
Calculate (-24 + 8 - -27) + -28.
-17
What is 0 - (6 - (-4 + 4 + 1)) - 7?
-12
What is 1 - (1 + (-22 - (11 + -1)) + 8)?
24
What is the value of -7 + 10 + -4 + 1?
0
Calculate (15 - (0 - -4)) + -43 + 40.
8
Calculate -56 + 59 + -5 + (-5 - -13) + 4.
10
Calculate -3056 - -3056 - (14 - 0 - (-2 - -1)).
-15
Evaluate 6 - (20 + -25 - (3 + -32)).
-18
What is (21 - 25) + -6 - (-1 + -3)?
-6
What is the value of 17 - (-33 - -54) - 16?
-20
Calculate 10 + -10 + -12 + 2 - -10.
0
-5 - (-11 - (6 + -11))
1
Evaluate 10 + (-12 - (11 - 14)).
1
What is 1 - 1 - (-2 - 7 - -1 - -2)?
6
Evaluate 24 + (1 - -6) + -20 + (-12 - -24).
23
What is the value of 0 + (-13 + 8 + -2 - -23) + -3?
13
12 - (-27 + 7) - 60
-28
(-1 - (0 - -35)) + 16
-20
What is 0 - (1 + -1) - (0 - 9)?
9
Calculate 1 + (-47 - -43 - -8).
5
What is the value of -12 - ((-6 - (-20 - -14)) + -1)?
-11
What is the value of 3 + (-1 - -14 - ((58 - 36) + -11))?
5
(-28 - -25) + 22 + 1 + -8
12
4 + 1 + 4 + -9 + -11
-11
What is (-16 - (-6 - 0)) + (10 - 0)?
0
What is (26 - 5) + (1 - 6) + 2 + 5?
23
What is (91 - 88) + 1 + 2?
6
What is the value of -6 - (3 + -13 + -2) - (-8 + 3)?
11
What is the value of (-3 - -6) + 9 + -10 + 5?
7
28 - (-